000
What is -1100000102 (base 3) in base 7?
-136355
Convert 4b3 (base 13) to base 2.
1100110110
4624 (base 7) to base 11
12a1
Convert -1129 (base 13) to base 16.
-961
What is -1571 (base 9) in base 8?
-2256
Convert 12030 (base 7) to base 15.
dc3
6 (base 13) to base 8
6
-1022120 (base 4) to base 3
-20112022
17974 (base 13) to base 10
45556
What is 238 (base 14) in base 7?
1201
Convert -1133303 (base 5) to base 6.
-241330
What is -23203 (base 5) in base 11?
-1296
-707 (base 9) to base 7
-1450
Convert 932 (base 10) to base 5.
12212
Convert -3d68 (base 14) to base 5.
-321442
What is -d906 (base 14) in base 13?
-14072
Convert 2d (base 16) to base 5.
140
Convert -32311122 (base 4) to base 8.
-166532
7a3 (base 15) to base 9
2330
Convert 485 (base 9) to base 13.
24b
1112001000 (base 3) to base 11
20527
13aa (base 11) to base 12
1072
What is -1342 (base 11) in base 7?
-5034
-8980 (base 12) to base 14
-578c
-1bc (base 13) to base 8
-504
102101 (base 3) to base 8
463
What is -a52 (base 15) in base 7?
-6533
Convert -b40 (base 13) to base 8.
-3567
What is -10100022212 (base 3) in base 11?
-45523
2dd8 (base 14) to base 13
398a
-640 (base 10) to base 7
-1603
Convert 44d (base 16) to base 12.
779
Convert -3464 (base 7) to base 14.
-66b
2788 (base 9) to base 11
1644
4717 (base 11) to base 8
14055
Convert 726b (base 13) to base 8.
36676
What is -c9 (base 14) in base 13?
-108
What is -101022202 (base 3) in base 15?
-236b
What is 56515 (base 7) in base 9?
21571
32454 (base 6) to base 11
341a
1331 (base 8) to base 5
10404
What is -6121 (base 7) in base 16?
-84a
Convert 223122 (base 5) to base 12.
46b4
Convert -14313 (base 5) to base 15.
-558
What is b688 (base 16) in base 15?
dca3
-17863 (base 11) to base 16
-61a3
What is -29b (base 12) in base 13?
-254
Convert -3130 (base 5) to base 4.
-12133
Convert 10222120 (base 3) to base 13.
1425
What is 98 (base 12) in base 14?
84
Convert -4d7 (base 14) to base 13.
-59b
Convert 425 (base 12) to base 4.
21131
4520 (base 16) to base 9
26242
What is 436446 (base 7) in base 15?
17ae9
What is 264452 (base 8) in base 14?
259a2
Convert -3661 (base 8) to base 14.
-a09
-fe3 (base 16) to base 9
-5518
1520 (base 6) to base 15
1c3
Convert 44102 (base 5) to base 6.
22003
What is 46 (base 7) in base 2?
100010
What is 3390a (base 12) in base 2?
10000110001011010
What is -2011 (base 6) in base 3?
-121021
12012 (base 5) to base 14
470
What is -345 (base 13) in base 7?
-1434
Convert -1005530 (base 6) to base 15.
-e309
-425 (base 13) to base 4
-23003
Convert -1629 (base 14) to base 4.
-331311
What is 2465 (base 7) in base 8?
1641
Convert -10312 (base 5) to base 6.
-3135
130213 (base 5) to base 15
1773
Convert 1b47 (base 13) to base 9.
5572
Convert 1000303 (base 5) to base 3.
210112121
What is 2502 (base 6) in base 15?
2ae
33466 (base 7) to base 6
103124
What is 1479a (base 12) in base 6?
341114
33055 (base 6) to base 8
10733
261c (base 13) to base 15
1923
What is -11001011110011 (base 2) in base 14?
-4a79
What is 513 (base 6) in base 14?
d7
What is 2042 (base 9) in base 4?
113120
1101011100 (base 2) to base 7
2336
-10254 (base 13) to base 5
-1411333
Convert -1533 (base 14) to base 13.
-193c
-3340 (base 6) to base 10
-780
Convert -7373 (base 11) to base 5.
-303020
Convert -123321 (base 4) to base 15.
-7e0
Convert 10220002 (base 3) to base 8.
5425
2c4 (base 15) to base 10
634
522a (base 13) to base 14
41d5
Convert 7904 (base 14) to base 16.
51f0
-27155 (base 9) to base 14
-6992
Convert 1132350 (base 6) to base 2.
1110011000001010
Convert -13130023 (base 4) to base 12.
-15777
What is 21100022 (base 4) in base 3?
1220222122
Convert -5525 (base 6) to base 2.
-10011111101
-1212205 (base 6) to base 13
-231a1
316 (base 8) to base 16
ce
356a (base 16) to base 10
13674
What is 1747 (base 8) in base 9?
1330
Convert -130 (base 12) to base 9.
-220
What is -6a71 (base 11) in base 13?
-42b5
What is 8ac (base 13) in base 7?
4233
2b53 (base 14) to base 3
101120211
15c (base 13) to base 16
f6
3411143 (base 5) to base 10
60173
Convert 48c1 (base 14) to base 16.
31a9
What is -293 (base 15) in base 3?
-210210
What is 104677 (base 8) in base 13?
13087
-5e1 (base 16) to base 12
-a55
What is 1000111110111 (base 2) in base 9?
6270
Convert -4b83 (base 16) to base 11.
-13584
Convert 331211 (base 4) to base 8.
7545
-11605 (base 7) to base 14
-1175
What is 13414 (base 6) in base 14?
a9c
-10928 (base 13) to base 8
-72644
What is -8d (base 14) in base 5?
-1000
Convert -3000 (base 5) to base 2.
-101110111
Convert -333 (base 12) to base 6.
-2103
-3101 (base 6) to base 3
-221101
Convert 6273 (base 10) to base 8.
14201
101 (base 7) to base 13
3b
Convert 17d76 (base 14) to base 12.
2aa70
302c (base 14) to base 8
20120
What is 32232 (base 4) in base 16?
3ae
Convert -103441 (base 8) to base 3.
-1202110020
What is 7485 (base 12) in base 5?
402043
Convert -206 (base 7) to base 6.
-252
-10010101111 (base 2) to base 9
-1572
What is 33321330 (base 4) in base 13?
23865
-4176 (base 8) to base 9
-2875
506 (base 8) to base 11
277
What is -1526 (base 8) in base 5?
-11404
Convert -667 (base 10) to base 16.
-29b
What is ab7 (base 12) in base 15?
704
What is 214111 (base 5) in base 14?
29b0
1203220 (base 5) to base 11
15842
378 (base 14) to base 13
415
33 (base 8) to base 7
36
What is -51405 (base 6) in base 3?
-100101112
-46087 (base 9) to base 4
-13133221
-a0 (base 13) to base 7
-244
-1233 (base 11) to base 3
-2012121
Convert 12573 (base 8) to base 16.
157b
1006 (base 10) to base 13
5c5
Convert 43862 (base 9) to base 7.
150641
10022312 (base 4) to base 12
9a72
565 (base 10) to base 8
1065
What is 1331 (base 8) in base 11?
603
What is -4bfd (base 16) in base 4?
-10233331
Convert -24242 (base 9) to base 5.
-1004423
291 (base 15) to base 12
40a
What is 227e (base 16) in base 13?
4033
Convert -4a6 (base 13) to base 11.
-679
What is -128c4 (base 14) in base 8?
-131114
What is -34213 (base 5) in base 14?
-c5b
Convert 296 (base 10) to base 12.
208
Convert -7563 (base 11) to base 4.
-2130013
Convert 1111110010011 (base 2) to base 3.
102002101
Convert -1a6 (base 12) to base 11.
-226
Convert 1a443 (base 12) to base 16.
96f3
What is 11141 (base 6) in base 12?
ab1
-686 (base 15) to base 4
-113010
What is -4284 (base 11) in base 6?
-42110
-2022211 (base 3) to base 8
-3240
What is -200010111 (base 3) in base 11?
-9a25
13517 (base 8) to base 16
174f
Convert -26705 (base 8) to base 12.
-6945
Convert -101213 (base 5) to base 9.
-4475
Convert 5100 (base 6) to base 8.
2134
Convert 169 (base 13) to base 5.
2011
-100342 (base 5) to base 16
-c96
What is -1010101 (base 2) in base 14?
-61
-1fbd (base 16) to base 9
-12127
What is -3112022 (base 4) in base 15?
-40db
What is -44404 (base 7) in base 11?
-8440
What is -62865 (base 9) in base 4?
-22020323
What is 205 (base 16) in base 7?
1336
Convert -202100 (base 3) to base 11.
-45a
Convert -294 (base 13) to base 14.
-24b
What is -261 (base 15) in base 9?
-661
Convert 194 (base 10) to base 15.
ce
What is -101001110110 (base 2) in base 12?
-1672
What is -15b (base 14) in base 10?
-277
Convert -201 (base 15) to base 9.
-551
What is 282 (base 11) in base 3?
110022
What is -4032 (base 6) in base 14?
-472
Convert -101001100111 (base 2) to base 15.
-bc8
Convert 1303440 (base 5) to base 9.
37867
Convert -14552 (base 6) to base 4.
-211010
What is 204311 (base 5) in base 2?
1101010101111
What is -340c (base 14) in base 4?
-2031010
What is -146611 (base 7) in base 2?
-111000001100011
-81 (base 15) to base 14
-89
What is -1000110000100001 (base 2) in base 8?
-106041
Convert 31221010 (base 4) to base 13.
1c582
Convert -13127 (base 8) to base 4.
-1121113
-3812 (base 16) to base 5
-424404
Convert -110bb (base 15) to base 3.
-2202022112
What is -152b (base 13) in base 11?
-234a
-1000011100001110 (base 2) to base 10
-34574
Convert -2313 (base 4) to base 9.
-223
What is 1141 (base 8) in base 2?
1001100001
Convert 62e (base 15) to base 12.
982
Convert -1367 (base 11) to base 6.
-12103
-20353 (base 6) to base 16
-aad
1022013 (base 5) to base 2
100001011101101
What is 12121112 (base 3) in base 14?
16c3
What is -3b2 (base 15) in base 10?
-842
Convert -744 (base 13) to base 11.
-a27
22222 (base 4) to base 10
682
Convert -7ba (base 14) to base 13.
-912
What is 3392 (base 13) in base 5?
